 8497 a composite number?
True
Is 22613 a prime number?
True
Is 869223 prime?
False
Is 1028099 a prime number?
True
Is 38939 composite?
True
Is 1039 prime?
True
Is 62593 a composite number?
True
Is 11257 a composite number?
False
Is 77999 composite?
False
Is 52267 prime?
True
Is 1475627 composite?
True
Is 23041 a prime number?
True
Is 31781 a prime number?
False
Is 6505 prime?
False
Is 516929 composite?
True
Is 125863 prime?
True
Is 22739 a composite number?
False
Is 2582459 a composite number?
True
Is 4843 composite?
True
Is 2927 composite?
False
Is 61091 prime?
True
Is 7867 a prime number?
True
Is 133037 prime?
False
Is 7411 prime?
True
Is 22063 a composite number?
False
Is 129451 a prime number?
False
Is 30757 prime?
True
Is 30335 a composite number?
True
Is 56629 prime?
True
Is 15929 a composite number?
True
Is 103319 prime?
True
Is 7639 composite?
False
Is 46451 composite?
False
Is 6503 prime?
False
Is 1527 composite?
True
Is 376501 composite?
False
Is 703 a prime number?
False
Is 28901 composite?
False
Is 26843 a prime number?
False
Is 3747 prime?
False
Is 368531 a composite number?
False
Is 14903 a prime number?
False
Is 62 composite?
True
Is 6113 a composite number?
False
Is 1486453 composite?
True
Is 1733 composite?
False
Is 120539 a prime number?
True
Is 34597 a composite number?
True
Is 435802 prime?
False
Is 9103 prime?
True
Is 7494001 prime?
True
Is 45529 composite?
True
Is 70043 a composite number?
True
Is 115183 prime?
True
Is 191 prime?
True
Is 17351 prime?
True
Is 38501 a composite number?
False
Is 128813 a composite number?
False
Is 1090187 a composite number?
True
Is 63913 prime?
True
Is 11861 prime?
False
Is 38147 composite?
True
Is 48907 prime?
True
Is 1004101 a composite number?
True
Is 57243 composite?
True
Is 20087 composite?
True
Is 6297 a prime number?
False
Is 5981 composite?
False
Is 276511 a composite number?
True
Is 2483827 composite?
False
Is 1326665 a prime number?
False
Is 13885 a prime number?
False
Is 17953 composite?
True
Is 45541 prime?
True
Is 1626019 composite?
True
Is 385261 a composite number?
False
Is 189307 a composite number?
False
Is 24445 composite?
True
Is 448993 a prime number?
True
Is 17401 a composite number?
False
Is 1318 a prime number?
False
Is 12605 prime?
False
Is 70757 a prime number?
False
Is 17086 composite?
True
Is 403 a composite number?
True
Is 80761 composite?
False
Is 370159 a prime number?
True
Is 1623 a prime number?
False
Is 2521 composite?
False
Is 16361 composite?
False
Is 50221 composite?
False
Is 5539 a composite number?
True
Is 14567 composite?
True
Is 10979 a prime number?
True
Is 19661 a prime number?
True
Is 24029 a composite number?
False
Is 1361 composite?
False
Is 557 a prime number?
True
Is 827213 prime?
True
Is 3662 prime?
False
Is 243227 composite?
False
Is 26917 a composite number?
True
Is 91009 composite?
False
Is 75931 a prime number?
True
Is 15761 a composite number?
False
Is 272326 a prime number?
False
Is 93127 prime?
False
Is 1006966 a composite number?
True
Is 920611 a prime number?
False
Is 44839 a prime number?
True
Is 1644415 a composite number?
True
Is 458053 a prime number?
True
Is 86453 composite?
False
Is 635 composite?
True
Is 2941 composite?
True
Is 7061 a prime number?
False
Is 393 a composite number?
True
Is 3491 prime?
True
Is 9587 composite?
False
Is 118639 prime?
False
Is 8531 a composite number?
True
Is 101621 prime?
False
Is 3464567 prime?
True
Is 462221 composite?
False
Is 15653 a composite number?
True
Is 237673 a prime number?
True
Is 28901 prime?
True
Is 368833 a composite number?
False
Is 6469 prime?
True
Is 1637 composite?
False
Is 3491 prime?
True
Is 102766 composite?
True
Is 275003 a composite number?
False
Is 1905863 prime?
True
Is 8999 a composite number?
False
Is 101819 a composite number?
True
Is 45379 a prime number?
False
Is 48109 a composite number?
False
Is 669 prime?
False
Is 22823 a prime number?
False
Is 72887 prime?
False
Is 80695 a prime number?
False
Is 8545 a composite number?
True
Is 495721 prime?
False
Is 103585 a prime number?
False
Is 413 composite?
True
Is 10477 composite?
False
Is 952087 a composite number?
False
Is 297485 a composite number?
True
Is 9713 a prime number?
False
Is 15919 a composite number?
False
Is 751 composite?
False
Is 8791 a composite number?
True
Is 5749 a prime number?
True
Is 90863 a composite number?
False
Is 89371 a prime number?
True
Is 111317 a composite number?
False
Is 5297 a prime number?
True
Is 2894 a composite number?
True
Is 8663 prime?
True
Is 3787 prime?
False
Is 5737 a composite number?
False
Is 165203 prime?
True
Is 470903 composite?
False
Is 67021 a composite number?
False
Is 759823 a composite number?
True
Is 12023 composite?
True
Is 4111 a prime number?
True
Is 1759 composite?
False
Is 31379 prime?
True
Is 2624617 composite?
True
Is 61989 prime?
False
Is 2459 prime?
True
Is 62201 composite?
False
Is 114269 a composite number?
False
Is 358562 a composite number?
True
Is 7246 a composite number?
True
Is 20413 a composite number?
True
Is 5383 prime?
False
Is 418553 composite?
False
Is 277769 prime?
False
Is 145478 a prime number?
False
Is 4247 composite?
True
Is 206751 composite?
True
Is 339941 a prime number?
False
Is 814741 a composite number?
False
Is 3137 a composite number?
False
Is 172594 prime?
False
Is 19777 a prime number?
True
Is 367457 a prime number?
True
Is 676121 a prime number?
False
Is 228751 composite?
False
Is 9941 composite?
False
Is 3595 prime?
False
Is 9091 composite?
False
Is 1357 a composite number?
True
Is 1177367 a composite number?
True
Is 601223 prime?
False
Is 48049 composite?
False
Is 3371 composite?
False
Is 10991 a composite number?
True
Is 200111 prime?
False
Is 743261 composite?
True
Is 957647 a prime number?
False
Is 60037 prime?
True
Is 5184479 a composite number?
False
Is 93581 composite?
False
Is 36605 prime?
False
Is 5189 prime?
True
Is 2906 composite?
True
Is 491 a prime number?
True
Is 677429 a composite number?
True
Is 7003 a prime number?
False
Is 65137 prime?
False
Is 229309 composite?
False
Is 26599 a prime number?
False
Is 3377 composite?
True
Is 538471 a prime number?
True
Is 40091 composite?
True
Is 1037 a prime number?
False
Is 233939 a composite number?
False
Is 6637 a composite number?
False
Is 143947 composite?
False
Is 2039 a prime number?
True
Is 95461 a composite number?
False
Is 12941 composite?
False
Is 24053 prime?
False
Is 563 prime?
True
Is 5299 prime?
False
Is 137771 prime?
True
Is 15817 a composite number?
False
Is 168239 a composite number?
True
Is 21871 a prime number?
True
Is 2141831 a prime number?
False
Is 4751 a prime number?
True
Is 44351 a prime number?
True
Is 990362 a prime number?
False
Is 3599611 composite?
True
Is 541589 a prime number?
True
Is 1259 composite?
False
Is 7883 a composite number?
False
Is 6459 composite?
True
Is 446441 a prime number?
True
Is 65929 a prime number?
True
Is 409757 a composite number?
True
Is 495271 a prime number?
False
Is 35639 composite?
True
Is 8881 a prime number?
False
Is 179623 a composite number?
False
Is 688379 composite?
False
Is 681539 a prime number?
True
Is 1264363 a prime number?
True
Is 26539 a prime number?
True
Is 24439 a prime number?
True
Is 16322 a composite number?
True
Is 14486 composite?
True
Is 44435 a composite number?
True
Is 85247 a composite number?
False
Is 12713 a composite number?
False
Is 176401 a prime number?
True
Is 714257 a composite number?
False
Is 111047 composite?
True
Is 2845 composite?
True
Is 690839 prime?
True
Is 4659 a composite number?
True
Is 30631 a composite number?
False
Is 19841 composite?
False
Is 146777 prime?
True
Is 6029 prime?
True
Is 3863 a prime number?
True
Is 240539 a composite number?
True
Is 158881 a composite number?
False
Is 5557 a composite number?
False
Is 175883 prime?
False
Is 394246 a composite number?
True
Is 145391 a composite number?
False
Is 11047 composite?
False
Is 1809881 a prime number?
True
Is 929861 composite?
False
Is 407699 a composite number?
False
Is 39986 composite?
True
Is 44347 a prime number?
False
Is 82721 composite?
False
Is 190838 a prime number?
False
Is 16921 a prime number?
True
Is 1901 prime?
True
Is 112621 a composite number?
False
Is 256483 a prime number?
True
Is 322387 a com